Let n be -21*2/4*74. Let h = p - n. Is h prime?
False
Suppose 3*v - 5572 = -5*p, 0 = -p - 4*v + 491 + 620. Let k = -316 + p. Is k composite?
True
Let n be 23/5 - 34/(-85). Suppose -2*t - n*o = -13, 4*t - o - 81 = -0*o. Is t composite?
False
Suppose 9*g - 6*g = 2001. Is g prime?
False
Let q(h) = h**2 + 9*h + 5. Let w be q(-5). Is (w/(-6))/(3/762) composite?
True
Let x(g) be the second derivative of g**4/12 + g**3/2 + g**2/2 - 5*g. Let l be x(-2). Is 61 - 3 - l/(-1) composite?
True
Suppose -5*m + 7 = -18, 4*m = -2*o - 94. Let t = o - -388. Is t a composite number?
False
Let m(i) = -190*i**3 - i. Let x be 2*(0 - 2) - 24/(-8). Is m(x) composite?
False
Suppose 2*k = -k - o + 4477, -5972 = -4*k - 4*o. Suppose -23*p - k = -27*p. Is p a composite number?
False
Let i = 237 + -36. Let y = i + -88. Is y composite?
False
Let g(h) = 15*h + 2. Let d(w) = w + 10. Let c be d(-6). Suppose c*o - 1 = -k - 16, 4*o - 5 = -5*k. Is g(k) composite?
True
Suppose 2 = l, 2*l + 4 = 5*b - 2. Suppose 5030 = 4*t - b*n + 1514, 4*t - 4*n = 3524. Is t prime?
True
Suppose -182*y + 7115 = -177*y. Is y a composite number?
False
Suppose 0*q + 4*n = -4*q - 2256, -q - 539 = -4*n. Let t = q - -1006. Is t composite?
True
Is (13218/15)/(22/55) prime?
True
Let f = 4 - -7. Let v be (f - 9)/((-1)/12). Let m = v - -101. Is m composite?
True
Let m = 16 - 11. Let k = m + -3. Suppose k*x = 5*x - 111. Is x prime?
True
Suppose -3*r = 23*j - 21*j - 13682, -4*j + 2*r + 27364 = 0. Is j composite?
False
Let u(s) = 1727*s + 315. Is u(8) a prime number?
False
Let h(r) = 101*r**3 - r - 100*r**3 - 1 + 0 + r**2. Let s be h(-1). Suppose s = q - 132 - 127. Is q composite?
True
Let o(n) = -3*n - 8. Let s(x) = -x**3 + 4*x**2 - 5*x + 2. Let y be s(3). Let p be o(y). Is 18 - (p + -1 + 1) a prime number?
False
Suppose 0 = -3*r + 181 + 485. Let x = r + -143. Is x prime?
True
Suppose 65*a - 42*a = 191797. Is a a composite number?
True
Is (-6 - (-7 - -3))*(-17995)/10 a composite number?
True
Let f(y) = y + 6. Let i be f(-5). Let d(u) = -87*u + 1. Let t(a) = a. Let j(h) = -d(h) - 4*t(h). Is j(i) composite?
True
Let x = -56646 - -121873. Is x prime?
False
Suppose -5*c - 5*n = 1090, c = 3*c + 3*n + 432. Let z be c/(-7) + (-6)/(-21). Let u = z + -17. Is u composite?
True
Let r = -299 - -395. Suppose 2*p + 2*p - 76 = 0. Let v = r - p. Is v a prime number?
False
Let w be (-3)/1 - (-14 - -11). Is 555 - (w - -5 - 3) prime?
False
Suppose 3*a = a. Suppose -4*n + 15 = 4*x - n, a = 3*x - n + 5. Suppose -5*u + 259 + 206 = x. Is u prime?
False
Is (-9)/(54/12)*84236/(-8) a composite number?
False
Suppose m = 2*f + 837, -5*m + 4143 = -0*m + 4*f. Is (m/2)/(-3)*(-10 + 4) composite?
True
Let i(m) = 3707*m - 51. Is i(4) composite?
True
Let x(g) = g - 32. Let v be x(9). Let o(r) = -7*r - 38. Is o(v) a prime number?
False
Suppose -3*p = -3*z - 19 + 448, 3*p = 2*z - 431. Let c = p + 588. Is c composite?
False
Let y(a) = -a**3 - 13. Let w be y(0). Let i = 80 + w. Is i prime?
True
Let y(o) = -3*o + 13. Let k(h) = 1. Let p(t) = 6*k(t) - y(t). Let d be p(6). Suppose 5*r - 965 = -5*s, -3*s = -r + d + 174. Is r prime?
True
Let d(h) = -15*h**3 - 23*h**2 - 17*h - 73. Is d(-12) a composite number?
False
Let m(j) = 2 + 173*j - 172*j - 3 + 19*j**3 + 2*j**2 + 3*j**2. Is m(4) a composite number?
True
Let g = -6 + 16. Let a(w) = 4 - w**3 - g + 1. Is a(-6) prime?
True
Let l(n) = 402*n**2 - n - 107. Is l(8) a composite number?
True
Suppose -10*a + 9*a = -658. Let z = 61 - 272. Let j = a + z. Is j prime?
False
Let w(g) = 4*g**2 + 6*g + 33. Let p = 178 + -157. Is w(p) prime?
False
Let u(b) = 6*b**2 + 8*b - 12. Let q be u(9). Suppose -75 + q = 3*a. Is a composite?
False
Suppose -38*v + 67282 = -4956. Is v composite?
False
Suppose 6*k - 4*k = 3*j + 55573, -2*j - 83367 = -3*k. Is k composite?
False
Let a(j) = -113*j - 43. Let r be a(-6). Suppose -r = -k - 4*k. Is k prime?
True
Is (1 + -4)/(-21*1/63203) composite?
False
Let a(g) = -21*g + 9. Let h be a(-6). Let l = h + -52. Is l a composite number?
False
Let d(b) = -2013*b + 435. Is d(-24) a prime number?
False
Let a(k) = 32*k**2 + 19*k - 71. Is a(8) a prime number?
True
Let h = -213 + 328. Suppose 5*w - h = -q + 627, -5*w - 15 = 0. Is q a prime number?
True
Let s(m) = 282*m + 271. Is s(16) prime?
True
Let r be (-6*3)/((-33)/110). Suppose -2*j - 2*n + r + 572 = 0, -12 = 4*n. Is j prime?
False
Let o be 1/2*(-3 - -3). Suppose 0 = 5*q - 443 - 1162. Suppose 5*h = -w + 806, o*h + 2*h - w - q = 0. Is h prime?
False
Let n(y) = -y + 1. Let o(p) = -7*p**2 - p + 13. Let b(x) = 4*n(x) - o(x). Is b(4) a composite number?
True
Let c be 77/(-3) + (-11)/33. Let p = c - -36. Let k(v) = 25*v - 11. Is k(p) prime?
True
Let z(h) = h**3 - 7*h**2 + 7*h - 6. Let u be z(6). Let j(q) = q**3 - 4*q**2 + 3*q - 2. Let c be j(4). Suppose d - c - 11 = u. Is d prime?
False
Let t(p) = 2*p - 12. Let h be t(6). Suppose h = -3*v + 8*v - 640. Suppose -2*f = -386 - v. Is f a prime number?
True
Let u(k) = k**3 + k**2 - 1. Let d be u(1). Let q(s) = 6*s - 3. Let j be q(d). Suppose -j*n - t + 1903 = 0, -n - 4*t - 3149 = -6*n. Is n composite?
True
Let j = 23 + -22. Is (-4)/j + (-622)/(-2) prime?
True
Let v(z) = 72*z + 11 + 37*z + 1. Let l = -16 - -21. Is v(l) prime?
True
Let c = 26 + -23. Suppose -b - 176 = -c*z, 4*b + 0*b + 114 = 2*z. Is z composite?
False
Let b(g) = -g**2 + 16. Let h be b(-4). Suppose 7*l - 2723 = -h. Is l composite?
False
Let a(d) = d**2 - 11*d + 31. Let s be a(7). Suppose 7 = r + 3*w - 52, -5*r + 295 = s*w. Is r a prime number?
True
Suppose -u + 3 = 0, 2*o - 10612 = 7*o + u. Let q = -1446 - o. Suppose 1680 = 5*x - 5*h, -2*x - 3*h - q = -4*x. Is x composite?
False
Let m be ((-386)/6)/(2/18). Let y = m + 1978. Is y a composite number?
False
Let h(t) = t**3 + 2*t**2 - t - 1020. Let b be h(0). Let j = b + 1661. Is j composite?
False
Suppose -4*n = -5*n + 8861. Is n a prime number?
True
Suppose -10*y = 2*y - 125232. Let r = y - 6493. Is r composite?
False
Let l(h) be the second derivative of h**5/20 - 7*h**4/12 - 5*h**3/3 - 4*h**2 + 6*h. Let n be l(9). Suppose -y + 27 = -n. Is y prime?
False
Let a be 12/(-9) - (0 + (-2)/(-3)). Is (1657/a)/((1 - -3)/(-8)) a composite number?
False
Suppose 11933 + 50634 = 37*k. Is k composite?
True
Let k(o) be the first derivative of 4/3*o**3 - 5*o - 2*o**2 - 3. Is k(6) a prime number?
False
Let h(c) = -2*c**3 - 17*c**2 + 10*c + 13. Let d(s) = -s**3 - 8*s**2 + 5*s + 6. Let b(q) = -5*d(q) + 2*h(q). Let x be b(-5). Let p = x - -7. Is p prime?
True
Let t = -109 - -51. Let j = 189 + t. Is j composite?
False
Let n = 6506 - -4893. Is n composite?
False
Let v(n) = 240*n + 3. Let k be v(-2). Suppose -2*t + 426 = -4*b, -2*b - 4*t = -b + 102. Let i = b - k. Is i prime?
False
Suppose 85 = 5*b - 65. Suppose 2*w + w - b = 0. Suppose -1595 = -15*j + w*j. Is j composite?
True
Let t(w) = 180*w + 3. Let v be t(1). Let r = v + -65. Is r prime?
False
Suppose -805 = -0*r - 5*r. Let h be ((-3184)/(-10))/((-8)/(-20)). Suppose -q - r + h = 0. Is q composite?
True
Let z(t) = -t**3 - 11*t**2 + 2. Let y be ((-4)/8)/(2/44). Let q be z(y). Suppose -q*g + 56 = -50. Is g composite?
False
Suppose -2*k + 373 + 265 = 0. Is k + (-1 - (1 - 2)) a composite number?
True
Suppose -5*b = 3*q - 0*b + 52, -4*q = -3*b + 79. Let z be (-4)/6*q*66. Suppose 3*g - z = -g. Is g composite?
True
Let v = -2232 + 7855. Is v a composite number?
False
Let z be 3/(-2)*(-64)/(-24). Let k be 1294/((1*z)/4). Is (k/6)/((-11)/33) prime?
True
Is (-11548)/6*((-99)/18 + 4) composite?
False
Suppose 1444 = 2*r + 4*i - 6002, 3*i - 18601 = -5*r. Is r a composite number?
False
Suppose -2798927 = -106*b + 427. Is b a prime number?
False
Suppose 3*d = -y + 4 + 156, -4*d + 600 = 4*y. Is y a prime number?
False
Suppose -5*i = -2*i + 18. Is (i/(-8))/(11/2068) a prime number?
False
Suppose 0 = -3*y - k + 182, -28 = -4*y - 2*k + 212. Suppose -2*j - 380 = -y. Let n = j - -308. Is n a composite number?
False
Let k = 8 + -3. Suppose -r + 654 = k*r. Is r a composite number?
False
Suppose 3*b = b + 3*f + 37, 5*b + 5*f = 30. Is b/(44/3792) + -1 prime?
True
Let w(l) = 3*l**3 + 13*l**2 - 13*l + 31. Let k(i) = -i**3 - 6*i**2 + 7*i - 15. Let b(d) = 5*k(d) + 2*w(d). Is b(6) composite?
False
Is 18641 - ((-1105)/(-255) - (-1)/(-3)) a composite number?
False
Let b(h) be the third deriv